rue
Is 41383 a composite number?
True
Is 2879 a composite number?
False
Is 2183 a prime number?
False
Is 2017685 composite?
True
Is 2840803 composite?
True
Is 14909 a composite number?
True
Is 42821 composite?
False
Is 3557 composite?
False
Is 9235 composite?
True
Is 346781 a prime number?
False
Is 68311 prime?
True
Is 8197 prime?
False
Is 158243 a composite number?
False
Is 20473 prime?
False
Is 73693 a prime number?
True
Is 31677 composite?
True
Is 2936315 composite?
True
Is 72613 prime?
True
Is 158 a composite number?
True
Is 566 composite?
True
Is 7543 a composite number?
True
Is 17194 prime?
False
Is 209923 a composite number?
True
Is 269813 a composite number?
True
Is 230999 a prime number?
True
Is 235 composite?
True
Is 12689 prime?
True
Is 28345 prime?
False
Is 478321 prime?
True
Is 274 a prime number?
False
Is 797641 composite?
True
Is 116251 a composite number?
True
Is 155567 a composite number?
True
Is 721015 composite?
True
Is 31299 prime?
False
Is 19441 a prime number?
True
Is 97 prime?
True
Is 12799 a composite number?
False
Is 35147 a composite number?
True
Is 285071 a composite number?
False
Is 1564721 a prime number?
True
Is 1959643 prime?
False
Is 1847 a prime number?
True
Is 20599 prime?
True
Is 53591 a composite number?
False
Is 4177 a prime number?
True
Is 5479 a prime number?
True
Is 6767 a prime number?
False
Is 293897 a composite number?
True
Is 59009 a prime number?
True
Is 23101 a prime number?
False
Is 6499 a composite number?
True
Is 2047 composite?
True
Is 226766 prime?
False
Is 1993 a composite number?
False
Is 13789 a prime number?
True
Is 26459 a prime number?
True
Is 271333 a composite number?
False
Is 83069 a prime number?
False
Is 78851 prime?
False
Is 16041 prime?
False
Is 659047 a composite number?
False
Is 17077 a composite number?
False
Is 1703479 prime?
True
Is 4803 composite?
True
Is 50707 prime?
True
Is 33401 a prime number?
False
Is 184871 composite?
True
Is 249127 prime?
True
Is 4177 prime?
True
Is 113417 composite?
False
Is 275143 composite?
True
Is 5779 a prime number?
True
Is 10873 a composite number?
True
Is 6613 composite?
True
Is 385417 a prime number?
True
Is 597 prime?
False
Is 60539 a composite number?
False
Is 1157 prime?
False
Is 197741 a prime number?
True
Is 2053 prime?
True
Is 1471 prime?
True
Is 7561 prime?
True
Is 665501 a composite number?
False
Is 48439 a prime number?
False
Is 809 prime?
True
Is 99677 a prime number?
False
Is 7541 a prime number?
True
Is 454907 prime?
True
Is 23459 composite?
False
Is 5381 composite?
False
Is 743417 prime?
False
Is 26641 composite?
False
Is 428951 a composite number?
False
Is 894265 a prime number?
False
Is 1031 a prime number?
True
Is 82207 composite?
False
Is 211 a composite number?
False
Is 30377 composite?
True
Is 20849 a composite number?
False
Is 17251 prime?
False
Is 11903 composite?
False
Is 15089 a prime number?
False
Is 1274171 prime?
False
Is 121747 prime?
False
Is 9841 composite?
True
Is 44663 a composite number?
True
Is 42509 composite?
False
Is 6343 composite?
False
Is 258295 a composite number?
True
Is 445751 composite?
True
Is 181239 prime?
False
Is 8069 a prime number?
True
Is 3262235 prime?
False
Is 254123 composite?
True
Is 205 a prime number?
False
Is 374879 a composite number?
False
Is 2999 prime?
True
Is 26458 composite?
True
Is 139511 a composite number?
False
Is 22969 composite?
True
Is 39469 prime?
False
Is 4759 a composite number?
False
Is 20311 composite?
True
Is 59539 prime?
True
Is 38317 a prime number?
True
Is 53873 prime?
False
Is 45161 composite?
False
Is 84857 a prime number?
True
Is 231371 prime?
False
Is 6353 a composite number?
False
Is 1929 composite?
True
Is 15095 a composite number?
True
Is 126001 prime?
True
Is 14281 prime?
True
Is 296101 prime?
False
Is 54163 a composite number?
False
Is 27239 a composite number?
False
Is 3491 a composite number?
False
Is 26591 composite?
False
Is 295553 a composite number?
False
Is 7609 prime?
False
Is 163349 a prime number?
False
Is 2829557 prime?
True
Is 1399 a prime number?
True
Is 243413 a prime number?
False
Is 4673 composite?
False
Is 25981 a composite number?
False
Is 43939 a prime number?
False
Is 1693 a composite number?
False
Is 61709 composite?
True
Is 105617 a composite number?
True
Is 1171 prime?
True
Is 3500005 a prime number?
False
Is 239 composite?
False
Is 18181 prime?
True
Is 127529 a composite number?
False
Is 810179 composite?
True
Is 16619 prime?
True
Is 1517 composite?
True
Is 1327 a prime number?
True
Is 175349 prime?
True
Is 5442997 a prime number?
False
Is 1315703 prime?
False
Is 10805 a prime number?
False
Is 378593 a prime number?
True
Is 397367 composite?
True
Is 89251 a prime number?
False
Is 103457 composite?
False
Is 1745 composite?
True
Is 152311 a composite number?
False
Is 1421143 composite?
True
Is 36037 composite?
False
Is 118127 a prime number?
True
Is 535407 prime?
False
Is 6599 composite?
False
Is 8923 a prime number?
True
Is 96353 composite?
False
Is 11549 a composite number?
False
Is 3747 composite?
True
Is 10903 composite?
False
Is 56197 a composite number?
False
Is 5297 a composite number?
False
Is 108131 composite?
False
Is 502669 a composite number?
False
Is 768101 prime?
True
Is 48309 prime?
False
Is 94195 prime?
False
Is 3455 prime?
False
Is 7067 a composite number?
True
Is 84935 a prime number?
False
Is 8893 a composite number?
False
Is 255551 a prime number?
True
Is 969211 composite?
True
Is 10493 composite?
True
Is 28901 prime?
True
Is 560393 composite?
False
Is 570613 a prime number?
True
Is 10345 composite?
True
Is 1752977 prime?
True
Is 564659 a prime number?
False
Is 30047 a composite number?
False
Is 214849 a composite number?
False
Is 2897679 composite?
True
Is 17671 a composite number?
True
Is 670961 a composite number?
True
Is 31757 prime?
False
Is 13633 composite?
False
Is 13217 composite?
False
Is 34186 composite?
True
Is 11273 a prime number?
True
Is 71963 prime?
True
Is 784893 a prime number?
False
Is 49083 composite?
True
Is 115057 composite?
False
Is 1409 prime?
True
Is 11159 a prime number?
True
Is 16045 a composite number?
True
Is 21031 composite?
False
Is 194885 a composite number?
True
Is 1138 prime?
False
Is 4567 prime?
True
Is 3691 a composite number?
False
Is 8311 composite?
False
Is 213067 a composite number?
False
Is 469243 composite?
True
Is 2709841 a composite number?
False
Is 14515 a prime number?
False
Is 179617 prime?
False
Is 5129 composite?
True
Is 1631 composite?
True
Is 92317 composite?
False
Is 24613 a composite number?
True
Is 19835 a composite number?
True
Is 19777 prime?
True
Is 49409 composite?
False
Is 93307 a prime number?
True
Is 8402 a prime number?
False
Is 165247 composite?
False
Is 1259463 a composite number?
True
Is 43367 a prime number?
False
Is 2455 a prime number?
False
Is 296705 a composite number?
True
Is 10581 prime?
False
Is 838645 prime?
False
Is 6769 prime?
False
Is 11657 a composite number?
False
Is 16495 a composite number?
True
Is 676421 a prime number?
True
Is 108431 composite?
True
Is 265097 prime?
False
Is 19849 prime?
False
Is 3935 composite?
True
Is 994447 composite?
False
Is 3779 prime?
True
Is 3727937 prime?
True
Is 63515 a composite number?
True
Is 5699 a composite number?
True
Is 41347 prime?
False
Is 103497 composite?
True
Is 6779 prime?
True
Is 121 composite?
True
Is 42043 a composite number?
False
Is 37907 prime?
True
Is 159209 composite?
False
Is 87109 a composite number?
True
Is 256523 prime?
False
Is 10969 a prime number?
False
Is 231487 composite?
True
Is 314879 prime?
True
Is 100822 prime?
False
Is 5501 a prime number?
True
Is 6389 a prime number?
True
Is 181321 a prime number?
False
Is 38149 composite?
False
Is 19091 composite?
True
Is 15311 a prime number?
False
Is 37489 a composite number?
False
Is 8039 composite?
False
Is 54751 composite?
False
Is 21787 a prime number?
True
Is 92551 composite?
False
Is 16429 a prime number?
False
Is 47737 a composite number?
False
Is 497657 a composite number?
True
Is 88787 composite?
True
Is 1560443 a prime number?
True
Is 122767 prime?
False
Is 1655 composite?
True
Is 3827 composite?
True
Is 160939 composite?
True
Is 13859 a prime number?
True
Is 73517 prime?
True
Is 22817 a composite number?
False
Is 50681 